+ h?
4
Suppose 5*l + 0 = -5. Let c = l - -1. Suppose 0*r + r - 11 = c. What is the tens digit of r?
1
What is the hundreds digit of 2/(-8) - ((-169768)/32 + 13)?
2
Suppose 4*c + 0 = -q + 7, -q + 4 = 3*c. Suppose 3*s - 4*x = 332, 3*s - x = -c*x + 338. What is the hundreds digit of s?
1
Let u(f) = 4*f**2 - 40. What is the tens digit of u(8)?
1
Let c(k) = k**2 - 3*k + 6. Let i be c(0). Let m be (-1 - 0)/(1/7). What is the tens digit of i/14 - 242/m?
3
Suppose -4*z + 17 = 9. Suppose z*r = 63 + 357. What is the units digit of r?
0
Let s be (-18)/6 + (10 - 1). Suppose -12*v = -9*v - s. Suppose -3*h + 2*p = -12, v + 13 = h + 3*p. What is the units digit of h?
6
Suppose -j + 4*r + 863 = 0, 0 = -3*j + r - 19 + 2553. What is the tens digit of j?
4
Let k = 2537 + -1802. What is the hundreds digit of k?
7
Suppose -l + 939 = -13*p + 14*p, 2*p - 4692 = -5*l. What is the hundreds digit of l?
9
Let l be 40 - (-2 - (-1 + 3)). Let m = -36 + l. What is the units digit of m?
8
Suppose 7*z + 10 = 24. Suppose -z*v + 3*l - 69 = -443, 5*v + l - 901 = 0. What is the hundreds digit of v?
1
Suppose 3*i + 2*j + 30 = -110, 0 = i - 2*j + 36. What is the tens digit of 2/11 - 608/i?
1
Let v = 1990 + -722. What is the units digit of v?
8
Let d(y) = 759*y + 4. What is the thousands digit of d(2)?
1
Suppose 13*o + 48 = 12*o. Let w = o + 117. What is the tens digit of w?
6
Suppose 7092 = 3*i - 12*k + 10*k, -4*i = -3*k - 9455. What is the thousands digit of i?
2
Suppose -x + 544 + 412 = -3*g, -2*x + 632 = -2*g. Let n = -205 - g. What is the hundreds digit of n?
1
Let r be ((-26)/(-6))/(7/21). Let d = 11 - r. What is the units digit of 3/2 + (-51)/d?
7
What is the units digit of (11 + -84)*37*-2?
2
Suppose -3*h = -h - 10. What is the tens digit of (-4)/h - (-1556)/20?
7
Let l be 3837/24 + (-1)/(-8). Suppose l = 4*q + 40. What is the units digit of (q/(-8))/(12/(-128))?
0
Suppose n + 5*x = -2, 4*n = -3*x - 0 + 60. What is the units digit of 2 + n/3 + -3?
5
Let n(a) = -a**2 + a - 1. Let w(c) = 29*c**3 - 3*c**2 + 7*c - 4. Let h(q) = 5*n(q) - w(q). Let x = -5 - -4. What is the units digit of h(x)?
8
Let p = -159 - -751. What is the tens digit of p?
9
Let t = -954 + 1476. What is the tens digit of t?
2
Let i = 41 - 66. Let w = 7 - i. What is the units digit of w?
2
Let g = -56 + 82. Let b = 35 + g. Suppose -5*r + 59 = -0*y + 3*y, -4*r = 3*y - b. What is the tens digit of y?
2
Let t be (-3)/(((-27)/15)/3). Let d be (t/5)/((-2)/(-8)). Suppose -240 = -d*m - m. What is the units digit of m?
8
Let s(b) = 6*b**2 + 6*b - 29. What is the tens digit of s(-10)?
1
Let m(l) be the second derivative of 10*l**4/3 + 8*l. What is the tens digit of m(-2)?
6
Let v = 1917 - 427. What is the hundreds digit of v?
4
Suppose 0 = -4*y, -275*y - 1960 = -5*o - 270*y. What is the hundreds digit of o?
3
Let l(n) = -2*n - 10. Let q be l(-6). Let o be 0*q*(-4)/16. Suppose o = v - s - 37, -3*v - 8*s + 3*s + 151 = 0. What is the tens digit of v?
4
Let b = 775 - 439. What is the units digit of b?
6
Suppose -o + 520 = -4*y - 652, 0 = o + 5*y - 1199. What is the hundreds digit of o?
1
Let b(i) = -2*i**2 + 21*i - 18. Let j = -17 - -22. Let w(p) = -p**2 + 10*p - 9. Let h(r) = j*w(r) - 2*b(r). What is the units digit of h(6)?
3
Let m = 521 - 186. What is the hundreds digit of m?
3
Let g = 18 + 36. Suppose o = 2*m - 158, -g - 23 = -m + o. What is the units digit of m?
1
Suppose -4*v + 1826 = u, -4*u = -13*v + 8*v + 2293. What is the units digit of v?
7
What is the thousands digit of (108/(-8) - -7)*-266?
1
What is the units digit of (-22)/(-143) - 54050/(-26)?
9
Suppose -3*c + 2176 = -2*q, 5*c - 2543 = 5*q + 1082. Suppose -98 = -8*w + c. What is the units digit of w?
3
Suppose -23 = -5*u - 4*v, -v - 2*v = -u + 16. Suppose -5*h = -c - 182, h - 25 = u*c - 3*c. What is the units digit of h?
7
Suppose -4*b + g = -1689, 1738 - 476 = 3*b + 4*g. What is the tens digit of b?
2
Let z(t) = t - 4. Let j(c) = 2*c - 9. Let n(u) = -3*j(u) + 5*z(u). Let r be n(0). Let a(i) = 5*i + 9. What is the units digit of a(r)?
4
Let r be (-2)/(-4)*(-3*10)/3. Let y(f) = -f**3 - 3*f**2 - 2*f - 7. What is the units digit of y(r)?
3
Let b(t) be the third derivative of 7*t**4/8 + 2*t**3/3 - 8*t**2. What is the tens digit of b(4)?
8
Let m be (-1)/(-5) - 82/10. Let h be 144/15*(-3 - m). Suppose h = 5*i - 212. What is the units digit of i?
2
Let v = 233 + -158. Let d = 110 - v. What is the units digit of d?
5
Let p be (-6)/(-39) + (-37)/(-13). Suppose p*m - 159 = k, -3*m + 3*k + 201 = 48. What is the tens digit of m?
5
What is the hundreds digit of (-1)/(3/1875*-1)?
6
Let b = 390 - -671. What is the thousands digit of b?
1
Suppose 2*f - 6*f - 3*d = -265, 3*f = 2*d + 220. Suppose 5*p - 890 = -f. What is the units digit of p?
4
Let j = 780 - 276. Let r = j + -315. Suppose 4*i - r = -21. What is the units digit of i?
2
Let s = 322 - 120. What is the tens digit of s?
0
Let q(a) = 16*a**3 + 40*a**2 + a + 35. Let t(m) = 3*m**3 + 8*m**2 + 7. Let x(z) = 2*q(z) - 11*t(z). What is the hundreds digit of x(-10)?
1
What is the units digit of (1196 + 2/1)/(17 - 15)?
9
Let l(g) = 11*g**2 + 2*g. Let r = 3 + -5. Let s be l(r). What is the units digit of ((-16)/s)/((-2)/20)?
4
Let h = 344 + -213. What is the tens digit of h?
3
Let z(h) be the third derivative of 0*h + 5/6*h**3 + 0 + 1/24*h**4 - 6*h**2. What is the units digit of z(7)?
2
Let g(y) = y**3 - 8*y**2 - 10*y + 9. Let t be g(9). Suppose -w = -t*w - 35. What is the tens digit of w?
3
Let t = 2 + 0. Let l be t/(4/6) - -51. What is the units digit of (-110)/(-4)*l/45?
3
Suppose 21*u - 16*u = 5*a + 17815, -4*a + 14244 = 4*u. What is the hundreds digit of u?
5
Let h(j) = j - 10. Let g(m) = -1. Let k(t) = 3*g(t) + h(t). Let f be k(16). Suppose 5*n - f*n = 76. What is the units digit of n?
8
Let s = -1164 - -2734. What is the tens digit of s?
7
Let a = 1725 - 784. What is the hundreds digit of a?
9
Let q(p) = -6*p - 18 + 2 + 5 - 22. What is the units digit of q(-6)?
3
Suppose j + 117 = 3*h - j, 5*h = -3*j + 176. Suppose 3*k = 8 + h. Suppose 7*v - 6*v = k. What is the tens digit of v?
1
Suppose 3*v - 2*v = 5*c + 75, 39 = -c + 5*v. Let j(l) = l**2 + 7*l - 34. What is the units digit of j(c)?
4
Let c = 387 - -142. Let f = c + -245. What is the hundreds digit of f?
2
Let b(s) = 0 + 1 - 22 + 13*s - 1. What is the hundreds digit of b(13)?
1
Let b(a) = a**3 + 6*a**2 - 10*a - 17. Let n be b(-7). Suppose 5*k + 0*y - 21 = 4*y, 4*k + n*y = -12. Suppose 0 = 5*o - k - 4. What is the units digit of o?
1
Let g(h) = -h**3 + 7*h**2 - 4*h - 7. Suppose 4*p - 2*i - 26 = 0, -7 = 2*p - 3*p + i. Let a be g(p). What is the units digit of 10*2 + a/5?
1
Suppose -z = -0*z. Suppose r + z*r - 21 = 0. Let q = r + 6. What is the units digit of q?
7
Let c(u) = 4*u**2 - 27*u + 371. What is the units digit of c(23)?
6
Suppose -5*b - 12 = -3*g + 4, -4*g = 4*b. Suppose g*i - 176 = -5*p, -i = 3*p + 36 - 126. What is the units digit of i?
8
Let y(v) = 3*v**2 - 120*v + 25. What is the thousands digit of y(51)?
1
Suppose -26*s + 37*s - 10670 = 0. What is the hundreds digit of s?
9
Let t(i) = 325*i + 1. Let p be t(1). Suppose -p = -3*b + b. What is the hundreds digit of b?
1
Let k(r) = -r**3 + r**2 - r**2 - 1 + 0*r**2. Let h be k(0). Let j(u) = -14*u**3 + u**2 - 1. What is the units digit of j(h)?
4
Suppose 143 = 4*d + 39. Let u be 1/(106/d + -4). Let p = u - 7. What is the units digit of p?
6
What is the units digit of -21*8/(-24) + 277?
4
Let m(n) = 116*n - 25. What is the tens digit of m(6)?
7
Suppose 4*j - 3*s + 1 = 0, -2*j + 5 = s - 2. Suppose -j*b + 72 = -b. Suppose 3*y - b = -2*y - 2*r, 0 = -r - 4. What is the units digit of y?
6
Suppose 0 = -16*h + 14*h + 5*r + 1608, -4*h - 5*r + 3156 = 0. What is the hundreds digit of h?
7
Suppose 0 = -2*f + f + 4*v + 5, -3 = 3*v. Let j be -5*8/(-60)*(-603)/(-6). Suppose -j - f = -2*w. What is the units digit of w?
4
Let q = -637 - -878. What is the hundreds digit of q?
2
Let u(l) = -4*l - 15*l + 7 - 1. What is the units digit of u(-11)?
5
Let h(k) = k**2 + 8*k + 7. Let j = -21 + 13. Let d be h(j). What is the units digit of (-2 + d)*(-121)/(-55)?
1
Let d be -2*1 + 24/2. Let y be (-81)/15 + (-6)/10. What is the units digit of (d - (3 + y)) + -1?
2
Suppose 4*w + 6 = 6. Let c be (-1)/(((-3)/5)/3). Suppose -2*h + c + 2